e
Is 2411687 composite?
True
Is 2148967 a prime number?
False
Is 55369291 composite?
False
Is 258090541 composite?
False
Is 1004923 prime?
False
Is 34573489 composite?
False
Is 621761137 composite?
False
Is 18672637 composite?
False
Is 118626437 a prime number?
True
Is 6105049 a composite number?
False
Is 38714287 a prime number?
False
Is 16646911 composite?
False
Is 8676587 a prime number?
True
Is 9599231 a composite number?
True
Is 369604253 a prime number?
True
Is 9113777 a composite number?
True
Is 24901289 a composite number?
True
Is 1510417 composite?
False
Is 137769001 a composite number?
False
Is 11911691 a composite number?
True
Is 1803701 composite?
False
Is 16057057 composite?
True
Is 448145227 prime?
True
Is 4969949 a composite number?
True
Is 1872043 a composite number?
False
Is 82586949 a prime number?
False
Is 17436673 a composite number?
True
Is 10578229 a prime number?
False
Is 9119738 a composite number?
True
Is 73181 composite?
False
Is 28157567 composite?
False
Is 923467 a prime number?
True
Is 289990271 composite?
True
Is 21058211 composite?
False
Is 591649 composite?
False
Is 10752307 prime?
True
Is 1783319 a prime number?
True
Is 47456909 composite?
False
Is 5145501 composite?
True
Is 737888483 prime?
False
Is 32537783 a composite number?
False
Is 86944373 composite?
True
Is 50167307 composite?
True
Is 5746705 a prime number?
False
Is 10372067 a composite number?
False
Is 3552749 a prime number?
False
Is 13826581 prime?
False
Is 60072083 composite?
False
Is 1181723 prime?
True
Is 923081 composite?
True
Is 19393723 a composite number?
True
Is 4498261 a prime number?
False
Is 88803303 prime?
False
Is 23650669 prime?
False
Is 133695173 a prime number?
True
Is 8452273 composite?
True
Is 530197 composite?
False
Is 138689371 a prime number?
True
Is 1382399 composite?
True
Is 10685491 prime?
False
Is 16687813 composite?
True
Is 3372269 a prime number?
True
Is 18039473 prime?
False
Is 1095357437 a composite number?
False
Is 6715859 composite?
False
Is 17288239 a prime number?
False
Is 657121271 a prime number?
True
Is 2499551 composite?
False
Is 3912319 a prime number?
True
Is 4093129 a prime number?
True
Is 48185747 a composite number?
False
Is 103407547 composite?
False
Is 450749 prime?
False
Is 25113211 composite?
False
Is 6409253 prime?
True
Is 22360441 composite?
False
Is 792163 a composite number?
False
Is 479551243 a prime number?
False
Is 5340883 a prime number?
True
Is 62852341 a prime number?
False
Is 1713379 composite?
True
Is 519611 a composite number?
False
Is 76073159 a prime number?
True
Is 8076283 composite?
True
Is 46465829 prime?
True
Is 5023471 prime?
True
Is 147972911 prime?
False
Is 70064767 a prime number?
False
Is 37440989 prime?
False
Is 86183123 a prime number?
False
Is 69328997 prime?
False
Is 8420767 a prime number?
False
Is 45756143 a prime number?
True
Is 10645647 a composite number?
True
Is 2477407 a composite number?
False
Is 16514951 prime?
False
Is 124166689 composite?
False
Is 25210763 a composite number?
True
Is 13940383 prime?
True
Is 27151277 a prime number?
True
Is 5949127 a prime number?
True
Is 68362687 a composite number?
True
Is 226312547 composite?
False
Is 39194171 composite?
False
Is 58221373 a prime number?
False
Is 20685191 a prime number?
False
Is 4243177 a composite number?
True
Is 276557 a composite number?
False
Is 15680233 composite?
True
Is 18193079 composite?
True
Is 362857109 prime?
True
Is 13267081 prime?
True
Is 26168479 a composite number?
False
Is 30643791 composite?
True
Is 182092594 a composite number?
True
Is 18929137 a prime number?
True
Is 28235431 a prime number?
False
Is 39920605 a prime number?
False
Is 4844121 composite?
True
Is 1800815 composite?
True
Is 44434057 composite?
False
Is 147882233 a composite number?
True
Is 3210617 composite?
True
Is 159615791 a prime number?
False
Is 159261413 composite?
False
Is 4313381 prime?
True
Is 54460567 prime?
False
Is 35797991 a prime number?
True
Is 643561 a prime number?
False
Is 34727299 composite?
False
Is 179742767 a prime number?
False
Is 852641 composite?
False
Is 13854263 a composite number?
False
Is 28298861 prime?
True
Is 334225946 a composite number?
True
Is 120317 a prime number?
False
Is 36749611 a composite number?
False
Is 2060963 a composite number?
False
Is 2859919 a composite number?
False
Is 14493917 a composite number?
True
Is 208805195 prime?
False
Is 3424397 composite?
False
Is 130162861 a prime number?
True
Is 45626249 prime?
False
Is 5022503 composite?
False
Is 1396257 a composite number?
True
Is 4628509 prime?
False
Is 4992979 a prime number?
False
Is 4633169 a composite number?
True
Is 1100503 composite?
False
Is 3310253 prime?
True
Is 274373615 composite?
True
Is 17745001 composite?
False
Is 14149101 a prime number?
False
Is 5154371 a composite number?
False
Is 1000801 prime?
False
Is 21201919 composite?
False
Is 10755223 a prime number?
False
Is 2054999 a prime number?
True
Is 247621969 a composite number?
True
Is 2129279 prime?
True
Is 21229177 prime?
True
Is 3144209 prime?
False
Is 3745939 prime?
True
Is 62424719 composite?
True
Is 668699 a composite number?
False
Is 41839363 composite?
True
Is 162357659 prime?
True
Is 5668867 prime?
True
Is 114570058 a prime number?
False
Is 27149491 composite?
False
Is 94460719 a composite number?
True
Is 20512523 composite?
True
Is 1438159 a prime number?
True
Is 7735649 prime?
False
Is 8534027 a prime number?
False
Is 52818361 composite?
True
Is 79636915 prime?
False
Is 40136591 a composite number?
True
Is 1203463051 a prime number?
False
Is 4564663 composite?
False
Is 3214187 prime?
True
Is 500777 a prime number?
True
Is 88823 a prime number?
False
Is 3682597 a composite number?
False
Is 1003089985 a prime number?
False
Is 3514867 composite?
True
Is 30666115 composite?
True
Is 4802338 composite?
True
Is 6252398 composite?
True
Is 416671 composite?
True
Is 1055713 composite?
False
Is 5497221 a prime number?
False
Is 324935621 composite?
True
Is 473507 a prime number?
True
Is 798360179 composite?
False
Is 354915955 a composite number?
True
Is 7473451 prime?
True
Is 138497 composite?
False
Is 3046471 composite?
False
Is 8935691 a prime number?
True
Is 1827299 composite?
True
Is 1400029 a composite number?
False
Is 558289 a composite number?
False
Is 1813699 composite?
False
Is 3512459 composite?
False
Is 47781337 prime?
False
Is 774901 composite?
False
Is 7910923 composite?
False
Is 324943 a prime number?
False
Is 20722927 prime?
False
Is 84182851 a prime number?
False
Is 39808949 a prime number?
True
Is 1356077 a composite number?
False
Is 4650869 a prime number?
True
Is 884641 a prime number?
False
Is 202682521 a prime number?
False
Is 44464319 a prime number?
True
Is 693943 prime?
True
Is 283078189 composite?
True
Is 3680837 composite?
False
Is 47803787 a prime number?
False
Is 94738859 a composite number?
False
Is 327751 a prime number?
False
Is 5045827 prime?
True
Is 17501171 a prime number?
True
Is 85625591 a composite number?
False
Is 866177695 a prime number?
False
Is 5695733 a composite number?
True
Is 1151512981 prime?
True
Is 4302013 a composite number?
False
Is 931774 a prime number?
False
Is 6053323 a prime number?
True
Is 249647 prime?
True
Is 551820053 a prime number?
True
Is 839709187 a prime number?
True
Is 22331669 a prime number?
False
Is 21093115 a prime number?
False
Is 3757643 a composite number?
False
Is 10191389 a composite number?
True
Is 60885679 a prime number?
True
Is 197361581 a prime number?
True
Is 121619053 prime?
True
Is 614428457 composite?
False
Is 27571 a prime number?
False
Is 109860287 a composite number?
True
Is 388797167 composite?
True
Is 6141041 a prime number?
True
Is 294513949 composite?
True
Is 133364563 a prime number?
True
Is 1436731 composite?
False
Is 2707879 prime?
False
Is 62471341 prime?
False
Is 32346737 composite?
False
Is 10729897 composite?
False
Is 102880879 prime?
True
Is 134575747 prime?
False
Is 16028189 prime?
True
Is 566383 prime?
False
Is 21619349 a prime number?
True
Is 43295347 prime?
False
Is 13155217 composite?
True
Is 2203805 a prime number?
False
Is 9937381 a prime number?
False
Is 3732749 a prime number?
False
Is 4575731 composite?
False
Is 186097819 a prime number?
True
Is 2441297 a